{"id":268,"date":"2024-01-18T16:43:06","date_gmt":"2024-01-18T21:43:06","guid":{"rendered":"https:\/\/vitacopaiba.com\/?page_id=268"},"modified":"2024-01-18T16:59:16","modified_gmt":"2024-01-18T21:59:16","slug":"impacto-social","status":"publish","type":"page","link":"https:\/\/vitacopaiba.com\/impacto-social\/","title":{"rendered":"Impacto social"},"content":{"rendered":"\t\t<div data-elementor-type=\"wp-page\" data-elementor-id=\"268\" class=\"elementor elementor-268\">\n\t\t\t\t<div class=\"elementor-element elementor-element-802ae71 e-flex e-con-boxed e-con e-parent\" data-id=\"802ae71\" data-element_type=\"container\">\n\t\t\t\t\t<div class=\"e-con-inner\">\n\t\t<div class=\"elementor-element elementor-element-b1ae0fb e-flex e-con-boxed e-con e-child\" data-id=\"b1ae0fb\" data-element_type=\"container\">\n\t\t\t\t\t<div class=\"e-con-inner\">\n\t\t<div class=\"elementor-element elementor-element-e2f535b e-flex e-con-boxed e-con e-child\" data-id=\"e2f535b\" data-element_type=\"container\">\n\t\t\t\t\t<div class=\"e-con-inner\">\n\t\t<div class=\"elementor-element elementor-element-65ade46 e-flex e-con-boxed e-con e-child\" data-id=\"65ade46\" data-element_type=\"container\">\n\t\t\t\t\t<div class=\"e-con-inner\">\n\t\t\t\t<div class=\"elementor-element elementor-element-4776798 elementor-widget elementor-widget-heading\" data-id=\"4776798\" data-element_type=\"widget\" data-widget_type=\"heading.default\">\n\t\t\t\t<div class=\"elementor-widget-container\">\n\t\t\t\t\t<h1 class=\"elementor-heading-title elementor-size-default\">Nuestro impacto<\/h1>\t\t\t\t<\/div>\n\t\t\t\t<\/div>\n\t\t\t\t\t<\/div>\n\t\t\t\t<\/div>\n\t\t\t\t\t<\/div>\n\t\t\t\t<\/div>\n\t\t\t\t\t<\/div>\n\t\t\t\t<\/div>\n\t\t\t\t\t<\/div>\n\t\t\t\t<\/div>\n\t\t<div class=\"elementor-element elementor-element-c8bc3bd e-flex e-con-boxed e-con e-parent\" data-id=\"c8bc3bd\" data-element_type=\"container\">\n\t\t\t\t\t<div class=\"e-con-inner\">\n\t\t<div class=\"elementor-element elementor-element-3b57bc4 e-flex e-con-boxed e-con e-child\" data-id=\"3b57bc4\" data-element_type=\"container\">\n\t\t\t\t\t<div class=\"e-con-inner\">\n\t\t<div class=\"elementor-element elementor-element-6945570 e-flex e-con-boxed e-con e-child\" data-id=\"6945570\" data-element_type=\"container\">\n\t\t\t\t\t<div class=\"e-con-inner\">\n\t\t<div class=\"elementor-element elementor-element-99eca99 e-con-full e-flex e-con e-child\" data-id=\"99eca99\" data-element_type=\"container\">\n\t\t\t\t<div class=\"elementor-element elementor-element-fa64e01 elementor-widget elementor-widget-image\" data-id=\"fa64e01\" data-element_type=\"widget\" data-widget_type=\"image.default\">\n\t\t\t\t<div class=\"elementor-widget-container\">\n\t\t\t\t\t\t\t\t\t\t\t\t\t\t\t<img fetchpriority=\"high\" decoding=\"async\" width=\"327\" height=\"327\" src=\"https:\/\/vitacopaiba.com\/wp-content\/uploads\/2024\/01\/Recurso-89.png\" class=\"attachment-full size-full wp-image-231\" alt=\"\" srcset=\"https:\/\/vitacopaiba.com\/wp-content\/uploads\/2024\/01\/Recurso-89.png 327w, https:\/\/vitacopaiba.com\/wp-content\/uploads\/2024\/01\/Recurso-89-300x300.png 300w, https:\/\/vitacopaiba.com\/wp-content\/uploads\/2024\/01\/Recurso-89-150x150.png 150w, https:\/\/vitacopaiba.com\/wp-content\/uploads\/2024\/01\/Recurso-89-100x100.png 100w\" sizes=\"(max-width: 327px) 100vw, 327px\" \/>\t\t\t\t\t\t\t\t\t\t\t\t\t\t\t<\/div>\n\t\t\t\t<\/div>\n\t\t\t\t<\/div>\n\t\t<div class=\"elementor-element elementor-element-db46f77 e-con-full e-flex e-con e-child\" data-id=\"db46f77\" data-element_type=\"container\">\n\t\t\t\t<div class=\"elementor-element elementor-element-37c5c02 elementor-widget elementor-widget-text-editor\" data-id=\"37c5c02\" data-element_type=\"widget\" data-widget_type=\"text-editor.default\">\n\t\t\t\t<div class=\"elementor-widget-container\">\n\t\t\t\t\t\t\t\t\t<p>Debido a que se logr\u00f3 desarrollar la cadena de valor de un producto forestal no maderable como lo es la\u00a0Copaifera Pubiflora, el proyecto genera un desarrollo end\u00f3geno, es decir, de adentro hacia afuera, logrando un impacto social significativo, comenzando por aportarle a las comunidades campesinas, generar dinamismo en la econom\u00eda local a trav\u00e9s de la transformaci\u00f3n de esta materia prima, y contribuyendo al ambiente a trav\u00e9s de\u00a0 la conservaci\u00f3n y preservaci\u00f3n de esta especie.<\/p><div id=\"simple-translate\"><div><div class=\"simple-translate-button isShow\" style=\"background-image: url('chrome-extension:\/\/mhncgbfifjnhlilpnccgbimimkjejada\/icons\/512.png'); height: 22px; width: 22px; top: 178px; left: 156px;\">\u00a0<\/div><div class=\"simple-translate-panel \" style=\"width: 300px; height: 200px; top: 0px; left: 0px; font-size: 13px; background-color: #ffffff;\"><div class=\"simple-translate-result-wrapper\" style=\"overflow: hidden;\"><div class=\"simple-translate-move\" draggable=\"true\">\u00a0<\/div><div class=\"simple-translate-result-contents\"><p class=\"simple-translate-result\" style=\"color: #000000;\">\u00a0<\/p><p class=\"simple-translate-candidate\" style=\"color: #737373;\">\u00a0<\/p><\/div><\/div><\/div><\/div><\/div>\t\t\t\t\t\t\t\t<\/div>\n\t\t\t\t<\/div>\n\t\t\t\t<\/div>\n\t\t\t\t\t<\/div>\n\t\t\t\t<\/div>\n\t\t\t\t\t<\/div>\n\t\t\t\t<\/div>\n\t\t\t\t\t<\/div>\n\t\t\t\t<\/div>\n\t\t\t\t<\/div>\n\t\t","protected":false},"excerpt":{"rendered":"<p>Nuestro impacto Debido a que se logr\u00f3 desarrollar la cadena de valor de un producto forestal no maderable como lo es la\u00a0Copaifera Pubiflora, el proyecto genera un desarrollo end\u00f3geno, es decir, de adentro hacia afuera, logrando un impacto social significativo, comenzando por aportarle a las comunidades campesinas, generar dinamismo en la econom\u00eda local a trav\u00e9s [&hellip;]<\/p>\n","protected":false},"author":1,"featured_media":0,"parent":0,"menu_order":0,"comment_status":"closed","ping_status":"closed","template":"","meta":{"footnotes":""},"class_list":["post-268","page","type-page","status-publish","hentry","entry","wvn-thumbs-layout-horizontal","wvn-btn-normal","wvn-tabs-layout-horizontal","has-no-thumbnails"],"_links":{"self":[{"href":"https:\/\/vitacopaiba.com\/wp-json\/wp\/v2\/pages\/268","targetHints":{"allow":["GET"]}}],"collection":[{"href":"https:\/\/vitacopaiba.com\/wp-json\/wp\/v2\/pages"}],"about":[{"href":"https:\/\/vitacopaiba.com\/wp-json\/wp\/v2\/types\/page"}],"author":[{"embeddable":true,"href":"https:\/\/vitacopaiba.com\/wp-json\/wp\/v2\/users\/1"}],"replies":[{"embeddable":true,"href":"https:\/\/vitacopaiba.com\/wp-json\/wp\/v2\/comments?post=268"}],"version-history":[{"count":7,"href":"https:\/\/vitacopaiba.com\/wp-json\/wp\/v2\/pages\/268\/revisions"}],"predecessor-version":[{"id":296,"href":"https:\/\/vitacopaiba.com\/wp-json\/wp\/v2\/pages\/268\/revisions\/296"}],"wp:attachment":[{"href":"https:\/\/vitacopaiba.com\/wp-json\/wp\/v2\/media?parent=268"}],"curies":[{"name":"wp","href":"https:\/\/api.w.org\/{rel}","templated":true}]}}