{"id":79,"date":"2024-01-18T12:13:52","date_gmt":"2024-01-18T17:13:52","guid":{"rendered":"https:\/\/vitacopaiba.com\/?page_id=79"},"modified":"2024-01-22T16:47:41","modified_gmt":"2024-01-22T21:47:41","slug":"nuestra-historia","status":"publish","type":"page","link":"https:\/\/vitacopaiba.com\/nuestra-historia\/","title":{"rendered":"Nuestra historia"},"content":{"rendered":"\t\t<div data-elementor-type=\"wp-page\" data-elementor-id=\"79\" class=\"elementor elementor-79\">\n\t\t\t\t<div class=\"elementor-element elementor-element-860a12e e-flex e-con-boxed e-con e-parent\" data-id=\"860a12e\" data-element_type=\"container\">\n\t\t\t\t\t<div class=\"e-con-inner\">\n\t\t<div class=\"elementor-element elementor-element-9a36d5f e-flex e-con-boxed e-con e-child\" data-id=\"9a36d5f\" data-element_type=\"container\">\n\t\t\t\t\t<div class=\"e-con-inner\">\n\t\t<div class=\"elementor-element elementor-element-dbc5c74 e-con-full e-flex e-con e-child\" data-id=\"dbc5c74\" data-element_type=\"container\">\n\t\t<div class=\"elementor-element elementor-element-4013cc0 e-flex e-con-boxed e-con e-child\" data-id=\"4013cc0\" data-element_type=\"container\">\n\t\t\t\t\t<div class=\"e-con-inner\">\n\t\t\t\t<div class=\"elementor-element elementor-element-f43c5cc elementor-widget elementor-widget-heading\" data-id=\"f43c5cc\" data-element_type=\"widget\" data-widget_type=\"heading.default\">\n\t\t\t\t<div class=\"elementor-widget-container\">\n\t\t\t\t\t<h2 class=\"elementor-heading-title elementor-size-default\">Nuestra historia\n<\/h2>\t\t\t\t<\/div>\n\t\t\t\t<\/div>\n\t\t\t\t\t<\/div>\n\t\t\t\t<\/div>\n\t\t<div class=\"elementor-element elementor-element-f2e7348 e-flex e-con-boxed e-con e-child\" data-id=\"f2e7348\" data-element_type=\"container\">\n\t\t\t\t\t<div class=\"e-con-inner\">\n\t\t\t\t<div class=\"elementor-element elementor-element-a451634 elementor-widget elementor-widget-text-editor\" data-id=\"a451634\" data-element_type=\"widget\" data-widget_type=\"text-editor.default\">\n\t\t\t\t<div class=\"elementor-widget-container\">\n\t\t\t\t\t\t\t\t\t<div class=\"page\" title=\"Page 6\"><div class=\"section\"><div class=\"layoutArea\"><div class=\"column\"><p>A veces, dentro de nuestro desarrollo personal y profesional, en alg\u00fan momento de la vida nos sentimos estancados, y eso sucede cuando se trabaja para una organizaci\u00f3n. No seguimos aprendiendo, al contrario, se empieza a desaprender, sobre todo\u00a0cuando se siente comodidad en un buen cargo. Fue en ese momento cuando sentimos que estamos dise\u00f1ados para otros retos.<br \/><br \/>Renunciamos a nuestros trabajos e iniciamos en el a\u00f1o 2018 una labor que d\u00eda a d\u00eda se sigue nutriendo. Desde entonces, todos los d\u00edas se nos presentan oportunidades que solo\u00a0requieren de nuestra atenci\u00f3n para poder aprovecharlas, As\u00ed naci\u00f3\u00a0Vita Copaiba.<br \/><br \/><\/p><\/div><\/div><\/div><\/div>\t\t\t\t\t\t\t\t<\/div>\n\t\t\t\t<\/div>\n\t\t\t\t\t<\/div>\n\t\t\t\t<\/div>\n\t\t\t\t<\/div>\n\t\t<div class=\"elementor-element elementor-element-7104884 e-con-full e-flex e-con e-child\" data-id=\"7104884\" data-element_type=\"container\">\n\t\t\t\t<div class=\"elementor-element elementor-element-4810333 elementor-widget__width-initial elementor-widget elementor-widget-image\" data-id=\"4810333\" data-element_type=\"widget\" data-widget_type=\"image.default\">\n\t\t\t\t<div class=\"elementor-widget-container\">\n\t\t\t\t\t\t\t\t\t\t\t\t\t\t\t<img decoding=\"async\" src=\"https:\/\/vitacopaiba.com\/wp-content\/uploads\/2024\/01\/historia1.png\" title=\"historia1\" alt=\"historia1\" loading=\"lazy\" \/>\t\t\t\t\t\t\t\t\t\t\t\t\t\t\t<\/div>\n\t\t\t\t<\/div>\n\t\t\t\t<\/div>\n\t\t\t\t\t<\/div>\n\t\t\t\t<\/div>\n\t\t<div class=\"elementor-element elementor-element-3791b63 e-flex e-con-boxed e-con e-child\" data-id=\"3791b63\" data-element_type=\"container\">\n\t\t\t\t\t<div class=\"e-con-inner\">\n\t\t<div class=\"elementor-element elementor-element-5252ab7 e-flex e-con-boxed e-con e-child\" data-id=\"5252ab7\" data-element_type=\"container\">\n\t\t\t\t\t<div class=\"e-con-inner\">\n\t\t<div class=\"elementor-element elementor-element-185d02f e-con-full e-flex e-con e-child\" data-id=\"185d02f\" data-element_type=\"container\">\n\t\t<div class=\"elementor-element elementor-element-4428721 e-flex e-con-boxed e-con e-child\" data-id=\"4428721\" data-element_type=\"container\">\n\t\t\t\t\t<div class=\"e-con-inner\">\n\t\t\t\t<div class=\"elementor-element elementor-element-6f05b06 elementor-widget elementor-widget-heading\" data-id=\"6f05b06\" data-element_type=\"widget\" data-widget_type=\"heading.default\">\n\t\t\t\t<div class=\"elementor-widget-container\">\n\t\t\t\t\t<h2 class=\"elementor-heading-title elementor-size-default\">\u00bfPor qu\u00e9 surgi\u00f3 esta idea?<\/h2>\t\t\t\t<\/div>\n\t\t\t\t<\/div>\n\t\t\t\t\t<\/div>\n\t\t\t\t<\/div>\n\t\t<div class=\"elementor-element elementor-element-3c790c2 e-flex e-con-boxed e-con e-child\" data-id=\"3c790c2\" data-element_type=\"container\">\n\t\t\t\t\t<div class=\"e-con-inner\">\n\t\t\t\t<div class=\"elementor-element elementor-element-f70fff4 elementor-widget elementor-widget-text-editor\" data-id=\"f70fff4\" data-element_type=\"widget\" data-widget_type=\"text-editor.default\">\n\t\t\t\t<div class=\"elementor-widget-container\">\n\t\t\t\t\t\t\t\t\t<div class=\"page\" title=\"Page 6\"><div class=\"section\"><div class=\"layoutArea\"><div class=\"column\"><p>Hace tiempo, un campesino pidi\u00f3 conseguir un litro de aceite de copaiba para un amigo que estaba desarrollando una investigaci\u00f3n en una universidad. Despu\u00e9s de buscar en varias tiendas locales en el municipio de Yopal, Casanare, se encontr\u00f3 que ninguna tienda lo vend\u00eda por litro porque no hab\u00eda proveedores fijos de esta materia prima, argumentaban que alg\u00fan campesino lo sacaba y lo llevaba a ofrecer, pero no se sab\u00eda cu\u00e1ndo volver\u00eda, por lo que\u00a0manejaban inventarios peque\u00f1os y no vend\u00edan esa cantidad.\u00a0<\/p><\/div><\/div><\/div><\/div>\t\t\t\t\t\t\t\t<\/div>\n\t\t\t\t<\/div>\n\t\t\t\t\t<\/div>\n\t\t\t\t<\/div>\n\t\t\t\t<\/div>\n\t\t<div class=\"elementor-element elementor-element-e30d205 e-con-full e-flex e-con e-child\" data-id=\"e30d205\" data-element_type=\"container\">\n\t\t\t\t<div class=\"elementor-element elementor-element-b638e54 elementor-widget__width-initial elementor-widget elementor-widget-image\" data-id=\"b638e54\" data-element_type=\"widget\" data-widget_type=\"image.default\">\n\t\t\t\t<div class=\"elementor-widget-container\">\n\t\t\t\t\t\t\t\t\t\t\t\t\t\t\t<img decoding=\"async\" src=\"https:\/\/vitacopaiba.com\/wp-content\/uploads\/2024\/01\/historia2.png\" title=\"historia2\" alt=\"historia2\" loading=\"lazy\" \/>\t\t\t\t\t\t\t\t\t\t\t\t\t\t\t<\/div>\n\t\t\t\t<\/div>\n\t\t\t\t<\/div>\n\t\t\t\t\t<\/div>\n\t\t\t\t<\/div>\n\t\t\t\t\t<\/div>\n\t\t\t\t<\/div>\n\t\t<div class=\"elementor-element elementor-element-3af9e6a e-flex e-con-boxed e-con e-child\" data-id=\"3af9e6a\" data-element_type=\"container\">\n\t\t\t\t\t<div class=\"e-con-inner\">\n\t\t<div class=\"elementor-element elementor-element-3b478cb e-flex e-con-boxed e-con e-child\" data-id=\"3b478cb\" data-element_type=\"container\">\n\t\t\t\t\t<div class=\"e-con-inner\">\n\t\t<div class=\"elementor-element elementor-element-21cddc4 e-con-full e-flex e-con e-child\" data-id=\"21cddc4\" data-element_type=\"container\">\n\t\t<div class=\"elementor-element elementor-element-617fb6e e-flex e-con-boxed e-con e-child\" data-id=\"617fb6e\" data-element_type=\"container\">\n\t\t\t\t\t<div class=\"e-con-inner\">\n\t\t<div class=\"elementor-element elementor-element-6a5ba84 e-con-full e-flex e-con e-child\" data-id=\"6a5ba84\" data-element_type=\"container\">\n\t\t\t\t<div class=\"elementor-element elementor-element-798e46b elementor-widget__width-initial elementor-widget elementor-widget-image\" data-id=\"798e46b\" data-element_type=\"widget\" data-widget_type=\"image.default\">\n\t\t\t\t<div class=\"elementor-widget-container\">\n\t\t\t\t\t\t\t\t\t\t\t\t\t\t\t<img decoding=\"async\" src=\"https:\/\/vitacopaiba.com\/wp-content\/uploads\/2024\/01\/historia3.png\" title=\"historia3\" alt=\"historia3\" loading=\"lazy\" \/>\t\t\t\t\t\t\t\t\t\t\t\t\t\t\t<\/div>\n\t\t\t\t<\/div>\n\t\t\t\t<\/div>\n\t\t\t\t\t<\/div>\n\t\t\t\t<\/div>\n\t\t\t\t<\/div>\n\t\t<div class=\"elementor-element elementor-element-3e80c15 e-flex e-con-boxed e-con e-child\" data-id=\"3e80c15\" data-element_type=\"container\">\n\t\t\t\t\t<div class=\"e-con-inner\">\n\t\t\t\t<div class=\"elementor-element elementor-element-01991ba elementor-widget elementor-widget-text-editor\" data-id=\"01991ba\" data-element_type=\"widget\" data-widget_type=\"text-editor.default\">\n\t\t\t\t<div class=\"elementor-widget-container\">\n\t\t\t\t\t\t\t\t\t<div class=\"page\" title=\"Page 6\"><div class=\"section\"><div class=\"layoutArea\"><div class=\"column\"><p>Dada esa circunstancia, le propusimos al campesino extraerlo de su propia finca, ya que ten\u00eda arboles de Copaiba. Empezamos a indagar en fuentes secundarias informaci\u00f3n respecto a la extracci\u00f3n del producto, encontrando que en Colombia no exist\u00edan datos referentes a la especie Copaifera Pubiflora, por lo que\u00a0iniciamos la investigaci\u00f3n del m\u00e9todo sostenible de extracci\u00f3n, a trav\u00e9s del\u00a0 ensayo y error, proceso que dur\u00f3 aproximadamente 3 a\u00f1os.<\/p><\/div><\/div><\/div><\/div>\t\t\t\t\t\t\t\t<\/div>\n\t\t\t\t<\/div>\n\t\t\t\t\t<\/div>\n\t\t\t\t<\/div>\n\t\t\t\t\t<\/div>\n\t\t\t\t<\/div>\n\t\t\t\t\t<\/div>\n\t\t\t\t<\/div>\n\t\t<div class=\"elementor-element elementor-element-e1b5ea5 e-flex e-con-boxed e-con e-child\" data-id=\"e1b5ea5\" data-element_type=\"container\">\n\t\t\t\t\t<div class=\"e-con-inner\">\n\t\t<div class=\"elementor-element elementor-element-a3c5343 e-flex e-con-boxed e-con e-child\" data-id=\"a3c5343\" data-element_type=\"container\">\n\t\t\t\t\t<div class=\"e-con-inner\">\n\t\t<div class=\"elementor-element elementor-element-324798e e-con-full e-flex e-con e-child\" data-id=\"324798e\" data-element_type=\"container\">\n\t\t<div class=\"elementor-element elementor-element-19550c1 e-flex e-con-boxed e-con e-child\" data-id=\"19550c1\" data-element_type=\"container\">\n\t\t\t\t\t<div class=\"e-con-inner\">\n\t\t\t\t<div class=\"elementor-element elementor-element-1515479 elementor-widget elementor-widget-text-editor\" data-id=\"1515479\" data-element_type=\"widget\" data-widget_type=\"text-editor.default\">\n\t\t\t\t<div class=\"elementor-widget-container\">\n\t\t\t\t\t\t\t\t\t<div class=\"page\" title=\"Page 6\"><div class=\"section\"><div class=\"layoutArea\"><div class=\"column\"><p>Para el a\u00f1o 2021, en b\u00fasqueda de generarle valor a esta materia prima, se present\u00f3 el proyecto al Fondo Emprender del SENA, buscando un capital semilla para adquirir un espacio f\u00edsico donde se pudiera trabajar la materia prima y obtener notas sanitarias para la comercializaci\u00f3n de los productos. Los permisos se obtuvieron a finales del a\u00f1o 2022.<\/p><\/div><\/div><\/div><\/div>\t\t\t\t\t\t\t\t<\/div>\n\t\t\t\t<\/div>\n\t\t\t\t\t<\/div>\n\t\t\t\t<\/div>\n\t\t<div class=\"elementor-element elementor-element-51c295c e-flex e-con-boxed e-con e-child\" data-id=\"51c295c\" data-element_type=\"container\">\n\t\t\t\t\t<div class=\"e-con-inner\">\n\t\t\t\t<div class=\"elementor-element elementor-element-683ee0d elementor-widget elementor-widget-text-editor\" data-id=\"683ee0d\" data-element_type=\"widget\" data-widget_type=\"text-editor.default\">\n\t\t\t\t<div class=\"elementor-widget-container\">\n\t\t\t\t\t\t\t\t\t<div class=\"page\" title=\"Page 6\"><div class=\"section\"><div class=\"layoutArea\"><div class=\"column\"><p>Nos convertimos en el primer laboratorio de cosm\u00e9tica avalado ante el Invima en Casanare. Para el a\u00f1o 2023, iniciamos formalmente con el desarrollo del \u00faltimo eslab\u00f3n de su cadena productiva, la comercializaci\u00f3n, participando en los mejores escenarios nacionales que sirven como vitrina para la presentaci\u00f3n de los productos y la b\u00fasqueda de acuerdos comerciales.\u00a0<\/p><\/div><\/div><\/div><\/div>\t\t\t\t\t\t\t\t<\/div>\n\t\t\t\t<\/div>\n\t\t\t\t\t<\/div>\n\t\t\t\t<\/div>\n\t\t\t\t<\/div>\n\t\t<div class=\"elementor-element elementor-element-884a9d0 e-con-full e-flex e-con e-child\" data-id=\"884a9d0\" data-element_type=\"container\">\n\t\t\t\t<div class=\"elementor-element elementor-element-0ad7f72 elementor-widget__width-initial elementor-widget elementor-widget-image\" data-id=\"0ad7f72\" data-element_type=\"widget\" data-widget_type=\"image.default\">\n\t\t\t\t<div class=\"elementor-widget-container\">\n\t\t\t\t\t\t\t\t\t\t\t\t\t\t\t<img decoding=\"async\" src=\"https:\/\/vitacopaiba.com\/wp-content\/uploads\/2024\/01\/historia4.png\" title=\"historia4\" alt=\"historia4\" loading=\"lazy\" \/>\t\t\t\t\t\t\t\t\t\t\t\t\t\t\t<\/div>\n\t\t\t\t<\/div>\n\t\t\t\t<\/div>\n\t\t\t\t\t<\/div>\n\t\t\t\t<\/div>\n\t\t\t\t\t<\/div>\n\t\t\t\t<\/div>\n\t\t\t\t\t<\/div>\n\t\t\t\t<\/div>\n\t\t\t\t<\/div>\n\t\t","protected":false},"excerpt":{"rendered":"<p>Nuestra historia A veces, dentro de nuestro desarrollo personal y profesional, en alg\u00fan momento de la vida nos sentimos estancados, y eso sucede cuando se trabaja para una organizaci\u00f3n. No seguimos aprendiendo, al contrario, se empieza a desaprender, sobre todo\u00a0cuando se siente comodidad en un buen cargo. Fue en ese momento cuando sentimos que estamos [&hellip;]<\/p>\n","protected":false},"author":1,"featured_media":0,"parent":0,"menu_order":0,"comment_status":"closed","ping_status":"closed","template":"","meta":{"footnotes":""},"class_list":["post-79","page","type-page","status-publish","hentry","entry","wvn-thumbs-layout-horizontal","wvn-btn-normal","wvn-tabs-layout-horizontal","has-no-thumbnails"],"_links":{"self":[{"href":"https:\/\/vitacopaiba.com\/wp-json\/wp\/v2\/pages\/79","targetHints":{"allow":["GET"]}}],"collection":[{"href":"https:\/\/vitacopaiba.com\/wp-json\/wp\/v2\/pages"}],"about":[{"href":"https:\/\/vitacopaiba.com\/wp-json\/wp\/v2\/types\/page"}],"author":[{"embeddable":true,"href":"https:\/\/vitacopaiba.com\/wp-json\/wp\/v2\/users\/1"}],"replies":[{"embeddable":true,"href":"https:\/\/vitacopaiba.com\/wp-json\/wp\/v2\/comments?post=79"}],"version-history":[{"count":16,"href":"https:\/\/vitacopaiba.com\/wp-json\/wp\/v2\/pages\/79\/revisions"}],"predecessor-version":[{"id":400,"href":"https:\/\/vitacopaiba.com\/wp-json\/wp\/v2\/pages\/79\/revisions\/400"}],"wp:attachment":[{"href":"https:\/\/vitacopaiba.com\/wp-json\/wp\/v2\/media?parent=79"}],"curies":[{"name":"wp","href":"https:\/\/api.w.org\/{rel}","templated":true}]}}