{"id":85,"date":"2024-01-18T12:15:52","date_gmt":"2024-01-18T17:15:52","guid":{"rendered":"https:\/\/vitacopaiba.com\/?page_id=85"},"modified":"2024-01-19T11:44:42","modified_gmt":"2024-01-19T16:44:42","slug":"linea-ancestral","status":"publish","type":"page","link":"https:\/\/vitacopaiba.com\/linea-ancestral\/","title":{"rendered":"L\u00ednea Ancestral"},"content":{"rendered":"\t\t<div data-elementor-type=\"wp-page\" data-elementor-id=\"85\" class=\"elementor elementor-85\">\n\t\t\t\t<div class=\"elementor-element elementor-element-ed59dcb e-flex e-con-boxed e-con e-parent\" data-id=\"ed59dcb\" data-element_type=\"container\">\n\t\t\t\t\t<div class=\"e-con-inner\">\n\t\t<div class=\"elementor-element elementor-element-a9c4e59 e-flex e-con-boxed e-con e-child\" data-id=\"a9c4e59\" data-element_type=\"container\">\n\t\t\t\t\t<div class=\"e-con-inner\">\n\t\t\t\t<div class=\"elementor-element elementor-element-306ae82 elementor-widget elementor-widget-image\" data-id=\"306ae82\" data-element_type=\"widget\" data-widget_type=\"image.default\">\n\t\t\t\t<div class=\"elementor-widget-container\">\n\t\t\t\t\t\t\t\t\t\t\t\t\t\t\t<img decoding=\"async\" width=\"1024\" height=\"44\" src=\"https:\/\/vitacopaiba.com\/wp-content\/uploads\/2024\/01\/Recurso-105-1024x44.png\" class=\"attachment-large size-large wp-image-345\" alt=\"\" srcset=\"https:\/\/vitacopaiba.com\/wp-content\/uploads\/2024\/01\/Recurso-105-1024x44.png 1024w, https:\/\/vitacopaiba.com\/wp-content\/uploads\/2024\/01\/Recurso-105-300x13.png 300w, https:\/\/vitacopaiba.com\/wp-content\/uploads\/2024\/01\/Recurso-105-768x33.png 768w, https:\/\/vitacopaiba.com\/wp-content\/uploads\/2024\/01\/Recurso-105-600x26.png 600w, https:\/\/vitacopaiba.com\/wp-content\/uploads\/2024\/01\/Recurso-105.png 1396w\" sizes=\"(max-width: 1024px) 100vw, 1024px\" \/>\t\t\t\t\t\t\t\t\t\t\t\t\t\t\t<\/div>\n\t\t\t\t<\/div>\n\t\t\t\t\t<\/div>\n\t\t\t\t<\/div>\n\t\t\t\t\t<\/div>\n\t\t\t\t<\/div>\n\t\t<div class=\"elementor-element elementor-element-ef7052e e-flex e-con-boxed e-con e-parent\" data-id=\"ef7052e\" data-element_type=\"container\">\n\t\t\t\t\t<div class=\"e-con-inner\">\n\t\t<div class=\"elementor-element elementor-element-6f0f6a4 e-flex e-con-boxed e-con e-child\" data-id=\"6f0f6a4\" data-element_type=\"container\">\n\t\t\t\t\t<div class=\"e-con-inner\">\n\t\t<div class=\"elementor-element elementor-element-4aa9b30 e-flex e-con-boxed e-con e-child\" data-id=\"4aa9b30\" data-element_type=\"container\">\n\t\t\t\t\t<div class=\"e-con-inner\">\n\t\t<div class=\"elementor-element elementor-element-695a3e9 e-con-full e-flex e-con e-child\" data-id=\"695a3e9\" data-element_type=\"container\">\n\t\t\t\t<div class=\"elementor-element elementor-element-4a5d28d elementor-widget elementor-widget-image\" data-id=\"4a5d28d\" data-element_type=\"widget\" data-widget_type=\"image.default\">\n\t\t\t\t<div class=\"elementor-widget-container\">\n\t\t\t\t\t\t\t\t\t\t\t\t\t\t\t<img fetchpriority=\"high\" decoding=\"async\" width=\"232\" height=\"357\" src=\"https:\/\/vitacopaiba.com\/wp-content\/uploads\/2024\/01\/Recurso-106.png\" class=\"attachment-full size-full wp-image-346\" alt=\"\" srcset=\"https:\/\/vitacopaiba.com\/wp-content\/uploads\/2024\/01\/Recurso-106.png 232w, https:\/\/vitacopaiba.com\/wp-content\/uploads\/2024\/01\/Recurso-106-195x300.png 195w\" sizes=\"(max-width: 232px) 100vw, 232px\" \/>\t\t\t\t\t\t\t\t\t\t\t\t\t\t\t<\/div>\n\t\t\t\t<\/div>\n\t\t\t\t<\/div>\n\t\t<div class=\"elementor-element elementor-element-eeb8159 e-con-full e-flex e-con e-child\" data-id=\"eeb8159\" data-element_type=\"container\">\n\t\t\t\t<div class=\"elementor-element elementor-element-28650b1 elementor-widget elementor-widget-text-editor\" data-id=\"28650b1\" data-element_type=\"widget\" data-widget_type=\"text-editor.default\">\n\t\t\t\t<div class=\"elementor-widget-container\">\n\t\t\t\t\t\t\t\t\t<p><strong>Ancestral es una l\u00ednea cosm\u00e9tica inspirada en el origen ancestral,<\/strong> en ella podemos encontrar oleorresina de copaiba 100 % pura. A continuaci\u00f3n, encontrar\u00e1s los siguientes productos:<\/p>\t\t\t\t\t\t\t\t<\/div>\n\t\t\t\t<\/div>\n\t\t\t\t<\/div>\n\t\t\t\t\t<\/div>\n\t\t\t\t<\/div>\n\t\t\t\t\t<\/div>\n\t\t\t\t<\/div>\n\t\t\t\t\t<\/div>\n\t\t\t\t<\/div>\n\t\t<div class=\"elementor-element elementor-element-7370536 e-flex e-con-boxed e-con e-parent\" data-id=\"7370536\" data-element_type=\"container\">\n\t\t\t\t\t<div class=\"e-con-inner\">\n\t\t<div class=\"elementor-element elementor-element-8a0f522 e-flex e-con-boxed e-con e-child\" data-id=\"8a0f522\" data-element_type=\"container\">\n\t\t\t\t\t<div class=\"e-con-inner\">\n\t\t<div class=\"elementor-element elementor-element-9a7143b e-con-full e-flex e-con e-child\" data-id=\"9a7143b\" data-element_type=\"container\">\n\t\t\t\t<\/div>\n\t\t<div class=\"elementor-element elementor-element-26e2cf4 e-con-full e-flex e-con e-child\" data-id=\"26e2cf4\" data-element_type=\"container\">\n\t\t\t\t<div class=\"elementor-element elementor-element-9177495 elementor-widget elementor-widget-image\" data-id=\"9177495\" data-element_type=\"widget\" data-widget_type=\"image.default\">\n\t\t\t\t<div class=\"elementor-widget-container\">\n\t\t\t\t\t\t\t\t\t\t\t\t\t\t\t\t<a href=\"https:\/\/vitacopaiba.com\/categoria-producto\/lineaancestral\/\">\n\t\t\t\t\t\t\t<img decoding=\"async\" width=\"371\" height=\"371\" src=\"https:\/\/vitacopaiba.com\/wp-content\/uploads\/2024\/01\/Recurso-107.png\" class=\"elementor-animation-grow attachment-large size-large wp-image-347\" alt=\"\" srcset=\"https:\/\/vitacopaiba.com\/wp-content\/uploads\/2024\/01\/Recurso-107.png 371w, https:\/\/vitacopaiba.com\/wp-content\/uploads\/2024\/01\/Recurso-107-300x300.png 300w, https:\/\/vitacopaiba.com\/wp-content\/uploads\/2024\/01\/Recurso-107-150x150.png 150w, https:\/\/vitacopaiba.com\/wp-content\/uploads\/2024\/01\/Recurso-107-100x100.png 100w\" sizes=\"(max-width: 371px) 100vw, 371px\" \/>\t\t\t\t\t\t\t\t<\/a>\n\t\t\t\t\t\t\t\t\t\t\t\t\t\t\t<\/div>\n\t\t\t\t<\/div>\n\t\t\t\t<\/div>\n\t\t<div class=\"elementor-element elementor-element-9e7fde5 e-con-full e-flex e-con e-child\" data-id=\"9e7fde5\" data-element_type=\"container\">\n\t\t\t\t<div class=\"elementor-element elementor-element-3216ea7 elementor-widget elementor-widget-image\" data-id=\"3216ea7\" data-element_type=\"widget\" data-widget_type=\"image.default\">\n\t\t\t\t<div class=\"elementor-widget-container\">\n\t\t\t\t\t\t\t\t\t\t\t\t\t\t\t\t<a href=\"https:\/\/vitacopaiba.com\/producto\/aceite-puro-envase-de-lujo\/\">\n\t\t\t\t\t\t\t<img loading=\"lazy\" decoding=\"async\" width=\"371\" height=\"371\" src=\"https:\/\/vitacopaiba.com\/wp-content\/uploads\/2024\/01\/Recurso-108.png\" class=\"elementor-animation-grow attachment-large size-large wp-image-348\" alt=\"\" srcset=\"https:\/\/vitacopaiba.com\/wp-content\/uploads\/2024\/01\/Recurso-108.png 371w, https:\/\/vitacopaiba.com\/wp-content\/uploads\/2024\/01\/Recurso-108-300x300.png 300w, https:\/\/vitacopaiba.com\/wp-content\/uploads\/2024\/01\/Recurso-108-150x150.png 150w, https:\/\/vitacopaiba.com\/wp-content\/uploads\/2024\/01\/Recurso-108-100x100.png 100w\" sizes=\"(max-width: 371px) 100vw, 371px\" \/>\t\t\t\t\t\t\t\t<\/a>\n\t\t\t\t\t\t\t\t\t\t\t\t\t\t\t<\/div>\n\t\t\t\t<\/div>\n\t\t\t\t<\/div>\n\t\t<div class=\"elementor-element elementor-element-86f7825 e-con-full e-flex e-con e-child\" data-id=\"86f7825\" data-element_type=\"container\">\n\t\t\t\t<\/div>\n\t\t\t\t\t<\/div>\n\t\t\t\t<\/div>\n\t\t\t\t\t<\/div>\n\t\t\t\t<\/div>\n\t\t<div class=\"elementor-element elementor-element-52ec0c1 e-flex e-con-boxed e-con e-parent\" data-id=\"52ec0c1\" data-element_type=\"container\">\n\t\t\t\t\t<div class=\"e-con-inner\">\n\t\t<div class=\"elementor-element elementor-element-1578714 e-flex e-con-boxed e-con e-child\" data-id=\"1578714\" data-element_type=\"container\">\n\t\t\t\t\t<div class=\"e-con-inner\">\n\t\t<div class=\"elementor-element elementor-element-97e3542 e-con-full e-flex e-con e-child\" data-id=\"97e3542\" data-element_type=\"container\">\n\t\t\t\t<\/div>\n\t\t<div class=\"elementor-element elementor-element-7c69f9f e-con-full e-flex e-con e-child\" data-id=\"7c69f9f\" data-element_type=\"container\">\n\t\t\t\t<div class=\"elementor-element elementor-element-a3bc374 elementor-widget elementor-widget-heading\" data-id=\"a3bc374\" data-element_type=\"widget\" data-widget_type=\"heading.default\">\n\t\t\t\t<div class=\"elementor-widget-container\">\n\t\t\t\t\t<h2 class=\"elementor-heading-title elementor-size-default\">Aceite puro \nenvase \u00e1mbar<\/h2>\t\t\t\t<\/div>\n\t\t\t\t<\/div>\n\t\t\t\t<div class=\"elementor-element elementor-element-7c7f894 elementor-widget elementor-widget-heading\" data-id=\"7c7f894\" data-element_type=\"widget\" data-widget_type=\"heading.default\">\n\t\t\t\t<div class=\"elementor-widget-container\">\n\t\t\t\t\t<h3 class=\"elementor-heading-title elementor-size-default\">$ 30.000. $ 50.000<\/h3>\t\t\t\t<\/div>\n\t\t\t\t<\/div>\n\t\t\t\t<\/div>\n\t\t<div class=\"elementor-element elementor-element-303739d e-con-full e-flex e-con e-child\" data-id=\"303739d\" data-element_type=\"container\">\n\t\t\t\t<div class=\"elementor-element elementor-element-98df5da elementor-widget elementor-widget-heading\" data-id=\"98df5da\" data-element_type=\"widget\" data-widget_type=\"heading.default\">\n\t\t\t\t<div class=\"elementor-widget-container\">\n\t\t\t\t\t<h2 class=\"elementor-heading-title elementor-size-default\">Aceite puro\nenvase de lujo<\/h2>\t\t\t\t<\/div>\n\t\t\t\t<\/div>\n\t\t\t\t<div class=\"elementor-element elementor-element-6791719 elementor-widget elementor-widget-heading\" data-id=\"6791719\" data-element_type=\"widget\" data-widget_type=\"heading.default\">\n\t\t\t\t<div class=\"elementor-widget-container\">\n\t\t\t\t\t<h3 class=\"elementor-heading-title elementor-size-default\">$ 60.000<\/h3>\t\t\t\t<\/div>\n\t\t\t\t<\/div>\n\t\t\t\t<\/div>\n\t\t<div class=\"elementor-element elementor-element-51df555 e-con-full e-flex e-con e-child\" data-id=\"51df555\" data-element_type=\"container\">\n\t\t\t\t<\/div>\n\t\t\t\t\t<\/div>\n\t\t\t\t<\/div>\n\t\t\t\t\t<\/div>\n\t\t\t\t<\/div>\n\t\t\t\t<\/div>\n\t\t","protected":false},"excerpt":{"rendered":"<p>Ancestral es una l\u00ednea cosm\u00e9tica inspirada en el origen ancestral, en ella podemos encontrar oleorresina de copaiba 100 % pura. A continuaci\u00f3n, encontrar\u00e1s los siguientes productos: Aceite puro envase \u00e1mbar $ 30.000. $ 50.000 Aceite puro envase de lujo $ 60.000<\/p>\n","protected":false},"author":1,"featured_media":0,"parent":0,"menu_order":0,"comment_status":"closed","ping_status":"closed","template":"","meta":{"footnotes":""},"class_list":["post-85","page","type-page","status-publish","hentry","entry","wvn-thumbs-layout-horizontal","wvn-btn-normal","wvn-tabs-layout-horizontal","has-no-thumbnails"],"_links":{"self":[{"href":"https:\/\/vitacopaiba.com\/wp-json\/wp\/v2\/pages\/85","targetHints":{"allow":["GET"]}}],"collection":[{"href":"https:\/\/vitacopaiba.com\/wp-json\/wp\/v2\/pages"}],"about":[{"href":"https:\/\/vitacopaiba.com\/wp-json\/wp\/v2\/types\/page"}],"author":[{"embeddable":true,"href":"https:\/\/vitacopaiba.com\/wp-json\/wp\/v2\/users\/1"}],"replies":[{"embeddable":true,"href":"https:\/\/vitacopaiba.com\/wp-json\/wp\/v2\/comments?post=85"}],"version-history":[{"count":13,"href":"https:\/\/vitacopaiba.com\/wp-json\/wp\/v2\/pages\/85\/revisions"}],"predecessor-version":[{"id":365,"href":"https:\/\/vitacopaiba.com\/wp-json\/wp\/v2\/pages\/85\/revisions\/365"}],"wp:attachment":[{"href":"https:\/\/vitacopaiba.com\/wp-json\/wp\/v2\/media?parent=85"}],"curies":[{"name":"wp","href":"https:\/\/api.w.org\/{rel}","templated":true}]}}